ate 0 + 4 + -5 + (9 - 0).
8
Calculate -11 + -7 + 12 + (3 - -8).
5
Evaluate 2 - (-2 + 3 - (-2 - -3)).
2
Evaluate 2 + -2 - 0 - -2 - 3.
-1
Calculate -5 + -2 + (4 - -1) - 5.
-7
Evaluate -5 + 1 + (-15 - -15).
-4
What is -4 + 5 + -9 - -3?
-5
What is the value of -4 + (-5 - (-6 + -4))?
1
(14 - 16) + 0 + (8 - 0)
6
What is the value of (-9 - ((-1 - 2) + -2)) + -1?
-5
Evaluate 3 - -1 - 0 - 4.
0
What is the value of -6 - (3 - 11) - 7?
-5
What is -7 - ((-1 - 5) + -3)?
2
Calculate -2 + -2 + (4 + 1 - 6).
-5
3 + 3 + -3 + 1 + 0
4
-1 - -3 - (-2 + 3)
1
What is the value of 2 + -10 - -5 - 1?
-4
Evaluate (-1 - -2) + (15 - 15).
1
32 + -16 - 14 - (-1 + -1)
4
(-6 - (-3 + 1)) + 7 + 0
3
What is 4 + 3 + -6 + -4 - 1?
-4
0 + 0 + 15 + -8 + -10
-3
Evaluate 4 - 2 - 1 - (2 + 1).
-2
Calculate 0 - -1 - (1 - (-9 - -13)).
4
What is (5 - (4 + 4)) + 2?
-1
Evaluate (-2 - (-3 - -4)) + 5.
2
What is -1 + (-1 - (-2 - -4)) + 0?
-4
What is 10 - 2 - -1 - (-1 - -3)?
7
What is (1 - 6) + (-3 - -21 - 16)?
-3
Evaluate -2 + 0 + -1 + 2 - -5.
4
-1 + -3 + (-1 - -9)
4
What is -6 + (7 - (4 + 6)) + 4?
-5
What is -4 + 16 - (-4 + 10)?
6
Evaluate -4 - (-8 + 18 - 6).
-8
Calculate 11 + -6 + 0 + (-11 - -2).
-4
What is 2 + (1 - (-6 + 7))?
2
(1 - (-1 + -5 + 13)) + 12
6
Evaluate -20 - -43 - 6 - (8 - 1).
10
What is 0 - (3 - (11 + -4))?
4
What is the value of 6 - (6 - 10 - -10)?
0
Calculate (1 + 0 - (0 + 10)) + 3.
-6
Calculate 3 + 1 - (4 - 4).
4
Calculate (-3 - (8 - 13)) + -7.
-5
What is the value of 1 - (8 + 0 - 9)?
2
Evaluate -3 - 0 - (-6 + 5 + -3).
1
Evaluate (-3 - -1 - -1) + 2 + -3.
-2
Calculate -1 - 4 - (3 - 4 - 2).
-2
Evaluate 23 + -19 + (1 - 2 - 0).
3
What is the value of 5 + -2 + -6 - (1 - -1)?
-5
Calculate -3 - (6 - (-4 + 8)).
-5
Calculate -2 + -1 + 5 + (-1 - 0).
1
What is -1 - ((4 - (-4 + 8)) + -4)?
3
Evaluate (2 + 1 - (-2 - -4)) + -1.
0
What is -13 - (-4 - (0 - -2 - 0))?
-7
What is -3 + 1 + 2 - (-16 + 16)?
0
What is -4 - (-6 + 2 + 7 + -7)?
0
1 - (-5 + 1 - 0)
5
9 + 13 + -9 + -19
-6
What is the value of (93 - 85) + -5 + (-1 - -2)?
4
(-4 + -3 - 2) + 8
-1
What is the value of -4 - 12 - -6 - -8?
-2
What is the value of 0 + (3 - 1 - (-2 - -9))?
-5
Evaluate -2 - (2 + -5 + (7 - 3)).
-3
Evaluate -2 + (-3 - 3) + 9.
1
7 - (9 - 8 - (0 - 1))
5
-1 + (-8 - -6 - -3)
0
-4 - (3 + 2 + -3 - 9)
3
Calculate (-6 - -1) + 0 + (-8 - -8).
-5
(0 - 0) + (-16 - -15) + -4
-5
What is the value of -4 + 1 + 3 + -4 + -2?
-6
Calculate -15 + (-11 - -6) + 13.
-7
Evaluate 6 + (-1 + 1 + 4 - 6).
4
What is -2 + (2 - 2 - -6) + -3?
1
What is the value of (1 - -1) + 0 - (-26 - -28)?
0
What is the value of (-8 + 0 - 5) + 7?
-6
Evaluate (6 + -7 - 8) + 6.
-3
Evaluate (0 - 0) + (-4 - -8) + -5.
-1
What is the value of -3 - (-4 + 0 + 0 - -3)?
-2
What is -4 + 5 + -7 + 7?
1
What is -1 + 4 + -4 + 5?
4
Calculate -1 + -6 - (3 + 0 - 6).
-4
-4 + (4 - 1 - (-2 + 2))
-1
Evaluate 2 - 10 - (5 + (-6 - 4)).
-3
10 + (-1 - 3) - 11
-5
Calculate 17 + -18 - (-1 - (-4 - -5)).
1
(24 - 20) + (-1 - (1 - 0))
2
-4 + 9 + (-6 - 2)
-3
Evaluate 4 + -9 - (-6 - -3).
-2
Calculate 16 + -12 + (1 - 0) + -3.
2
What is the value of (3 - 1 - 1) + -3 + 9?
7
What is (11 - (8 - -8)) + -5?
-10
2 - -3 - (4 + -4)
5
What is the value of 14 - (-3 - -4) - 3?
10
What is the value of -4 + (-4 - -1 - -5) - -5?
3
Evaluate -1 - 1 - -1 - 0 - -8.
7
0 - (9 + (4 - 8))
-5
Calculate 24 - 23 - (0 + (1 - 0)).
0
Evaluate 4 + 1 - (3 + 2).
0
What is the value of (-13 - (-3 + -4)) + 6?
0
Evaluate -8 - (-5 - (-2 - -1)).
-4
8 - 3 - (1 - 1 - -3)
2
Calculate (1 - 5) + -2 + (0 - -2).
-4
7 + -9 + (5 - -2)
5
Evaluate -6 - (0 + -11) - 7.
-2
-8 + 8 + (-3 - -2) + 5
4
Calculate 1 + -1 - ((-1 - -6) + -6).
1
What is the value of 2 + -10 - (38 - 44)?
-2
Calculate 1 + -6 + 4 + -1 + 0.
-2
Evaluate 72 - 85 - (-2 - 15).
4
Calculate -1 + 1 + 4 + 1.
5
What is -11 + (-2 - -6) + 11?
4
What is the value of 5 - 3 - (5 + 8)?
-11
Evaluate (-11 + 2 - -15) + (-8 - -1).
-1
Calculate (2 + -4 - (5 + -5)) + 5.
3
What is the value of -6 + 10 + -18 + 11?
-3
1 + 5 + -10 + (-5 - -5)
-4
What is the value of 0 - ((0 - -2) + -1)?
-1
What is the value of 1 - (0 - 6) - 2?
5
What is 5 - (5 - (3 + -5))?
-2
What is -1 - ((11 - 5) + -7 + -4)?
4
Calculate 2 + 3 + (-25 - -19) - 0.
-1
-2 + (6 - 3) + 4
5
Calculate 2 - ((-3 - -5) + 3).
-3
What is the value of -9 - -6 - (-6 + (0 - -1))?
2
What is the value of 7 + -1 + -8 + 7?
5
Evaluate (-4 - -1) + 6 + 5 + -13.
-5
Evaluate -2 + (-4 - -1) + -2 + 3.
-4
What is -3 - (0 + 2) - -3?
-2
Calculate 0 + -6 + (-134 - -135).
-5
What is 8 + -6 + (3 - 1)?
4
What is (7 - 1) + (-1 - 0) + -2?
3
Evaluate -1 - (-9 + (-1 + -3 - -8)).
4
What is the value of -5 + 0 + 2 - (1 + -5)?
1
3 + -6 + -28 + 23
-8
What is the value of (-3 - 5) + 0 - (-2 - 2)?
-4
(-10 - 4 - -10) + 3
-1
Calculate 7 + (-1 + -11 - -5).
0
-1 + (-2 - -3) + 7 - 4
3
What is -7 - (9 + -3 - 13)?
0
Evaluate -3 - ((-3 - -1) + 2 + 1).
-4
What is -3 + (6 - -5) + -1?
7
Calculate 0 + (7 - 4) + 1.
4
What is 1 - 9 - (-9 + 5 - 0)?
-4
What is (-9 - (5 + -4 - 4)) + 4?
-2
What is the value of (6 - 0) + 0 + 0?
6
What is 61 + -56 + (-1 - -1 - 5)?
0
What is the value of 9 + 9 + 1 + -22?
-3
What is the value of 4 - (-4 + 8 + 1)?
-1
What is the value of 28 + -16 + -7 + -1?
4
Evaluate (3 - -4 - -2) + -4.
5
Evaluate 1 + (2 + -3 - 6).
-6
Calculate 6 + -8 - (-1 + -1) - -2.
2
Evaluate -12 + 12 - (1 + 0 + -6).
5
What is the value of (-1 - -2) + -26 + 29?
4
Calculate 3 + (-14 + 10 - (-1 - 6)).
6
(-6 - -6 - 5) + -1
-6
What is the value of -1 + 1 + -5 + 2 + -1?
-4
-3 + -1 + 9 + -6
-1
Evaluate (-2 - 4) + 2 - (0 + -1).
-3
83 - 82 - (0 - 5)
6
What is 9 + -9 + (-8 - -3)?
-5
Calculate 21 - 3 - 8 - 8 - 6.
-4
What is 8 - (6 - 5 - (0 - 0))?
7
3 + -1 + 5 + -12
-5
Evaluate -4 + (-2 - 0) + 8 + -4.
-2
What is (9 + -19 - -7) + 10?
7
Calculate -7 - (1 + (-5 - (4 + -4))).
-3
Calculate -12 + 3 + 4 + 1 + 1.
-3
What is 6 - (2 + -11 + 13)?
2
What is 12 - (-5 - (-9 + 0))?
8
Calculate -4 + (3 - (1 + -2 - -1)).
-1
What is the value of 12 - (5 - -6 - 3)?
4
Evaluate 0 + -7 + (35 - (3 - -19)).
6
Evaluate -14 + 8 - -1 - (-5 + -2).
2
What is (-3 - 1) + 3 + 4?
3
What is (13 - 11) + (1 - 2)?
1
Evaluate 4 - ((9 - 0) + -1).
-4
4 + 5 + -12 - -4
1
Calculate 4 - (2 + -1 + 3).
0
Evaluate (2 - (3 + 2 + 5)) + 1.
-7
Calculate -2 - (1 - 0) - (2 + 0).
-5
Evaluate 0 - (12 + -16 + (8 - 0)).
-4
Evaluate -3 + 3 - (3 + (-8 - -1)).
4
What is the value of 1 - (-6 + 0 + 4)?
3
What is -6 + 4 - -2 - 1?
-1
What is the value of (-1 - -6) + 0 + -8?
-3
Evaluate 0 - 0 - (-6 + (5 - -5)).
-4
What is the value of 0 + 1 + 5 + -1?
5
What is the value of 0 + 2 - -10 - (3 - -3)?
6
What is 0 - (1 - (-3 + -7 - -2))?
-9
1 - (1 - (2 - 3) - 4)
3
What is 11 - 3 - -1 - (6 + 0)?
3
Calculate (-2 - -1 - (13 + -10)) + 0.
-4
1 + -9 + (67 - 52)
7
What is the value of (1 - (-2 + 1)) + (-1 - -2)?
3
Calculate 2 - 2 - (3 + 1 - 0).
-4
What is 2 + 4 + -7 + -3 + -1?
-5
Evaluate 4 + -1 - (-1 + 4 + -2).
2
What is the value of -4 + (-8 - (-8 + -2))?
-2
Calculate -2 - (2 + (2 - -1 - 11)).
4
What is the value of (13 - 15) + (-1 + -2 - -3)?
-2
What is the value of -2 + 8 + (8 - 11)?
3
What is the value of 8 + (1 - 3) + -1?
5
Calculate 9 - (-6 + -8 + -3 + 18).
8
Evaluate -41 + 36 - (0 + -1).
-4
Evaluate 0 + 1 - (15 + -18 - -5).
-1
Calculate 3 + (-2 - 1) + (-1 - -1).
0
Calculate 1 + -1 + (-4 - -3).
-1
-7 - (-2 + (-2 - (8 + -12)))
-7
Evaluate 3 + -2 + -2 + (-2 - -1).
-2
What is the value of -2 + (-5 - (-2 - 1)) + -1?
-5
Evaluate -57 + 57 + (5 - -1).
6
Calculate 9 + (-3 - 12) + -2.
-8
What is (4 - 0) + (-2 - -3) + -10?
-5
Calculate -7 - (-8 + (7 - 3) + -6).
3
Evaluate -2 - (1 + 5 + (50 - 56)).
-2
What is the value of 11 - (3 - -10) - (-1 + 0)?
-1
What is 2 - (-7 + 5 - -6)?
-2
Evaluate -5 - -9 - (9 + -2).
-3
Evaluate (-19 - -47 - 26) + -1 + 0.
1
Calculate -1 + -2 + (-20 + 12 - -12).
1
What is -4 + 5 + -1 + 1 + 0?
1
What is 1 + (4 + 1 + -2 - 3)?
1
73 - 64 - (2 + -1)
8
What is the value of 2 + 6 + -6 - 6?
-4
Calculate -13 + 5 + (8 - 6).
-6
What is the value of (37 - 28) + (-1 - 10)?
-2
Evaluate -2 + 0 + -2 - (-6 + 5).
-3
Calculate -13 + 12 - (-1 - 1 - -1).
0
What is the value of (135 - 128) + 1 + -6?
2
What is (-2 - -2) + -1 - (13 + -9)?
-5
What is -1 - (3 - 0 - 7)?
3
Calculate -8 - (-5 + 0 + -7 + 8).
-4
What is 3 - 2 - (0 - -3)?
-2
Evaluate -3 - 3 - (6 + -16).
4
What is the value of (